{"id":6611,"date":"2019-05-13T16:17:31","date_gmt":"2019-05-13T14:17:31","guid":{"rendered":"http:\/\/nitsculturals.cat\/nitsculturals\/?page_id=6611"},"modified":"2020-12-03T16:51:17","modified_gmt":"2020-12-03T15:51:17","slug":"el-poble","status":"publish","type":"page","link":"https:\/\/nitsculturals.cat\/nitsculturals\/el-poble\/","title":{"rendered":"El Poble"},"content":{"rendered":"<section class=\"l-section wpb_row height_large color_secondary with_img\"><div class=\"l-section-img\" role=\"img\" aria-label=\"Imagen\" data-img-width=\"1599\" data-img-height=\"816\" style=\"background-image: url(https:\/\/nitsculturals.cat\/nitsculturals\/wp-content\/uploads\/2019\/05\/NUCLI-DE-SANT-PERE.jpg);\"><\/div><div class=\"l-section-overlay\" style=\"background:rgba(30,30,30,0.75)\"><\/div><div class=\"l-section-h i-cf\"><div class=\"g-cols vc_row via_flex valign_top type_default stacking_default\"><div class=\"vc_col-sm-12 wpb_column vc_column_container\"><div class=\"vc_column-inner\"><div class=\"wpb_wrapper\">[vc_custom_heading text=\u00bbSant Pere Sallavinera\u00bb font_container=\u00bbtag:h2|text_align:center\u00bb]<\/div><\/div><\/div><\/div><\/div><\/section><section class=\"l-section wpb_row height_auto color_secondary type_sticky\"><div class=\"l-section-h i-cf\"><div class=\"g-cols vc_row via_flex valign_middle type_default stacking_default\"><div class=\"vc_col-sm-12 wpb_column vc_column_container\"><div class=\"vc_column-inner\"><div class=\"wpb_wrapper\"><nav class=\"w-menu layout_hor style_blocks not_responsive align_center us_menu_1\" style=\"--main-ver-indent:0.8em;--main-hor-indent:0.8em;--main-color:inherit;--main-active-bg-color:#f4a641;--main-active-color:#fff;\"><ul id=\"menu-el-poble\" class=\"menu\"><li id=\"menu-item-6636\" class=\"menu-item menu-item-type-custom menu-item-object-custom menu-item-6636\"><a href=\"https:\/\/nitsculturals.cat\/nitsculturals\/el-poble\/#poble\">El Poble<\/a><\/li><li id=\"menu-item-6637\" class=\"menu-item menu-item-type-custom menu-item-object-custom menu-item-6637\"><a href=\"https:\/\/nitsculturals.cat\/nitsculturals\/el-poble\/#rutes\">Rutes (Wikiloc)<\/a><\/li><li id=\"menu-item-6638\" class=\"menu-item menu-item-type-custom menu-item-object-custom menu-item-6638\"><a href=\"https:\/\/nitsculturals.cat\/nitsculturals\/el-poble\/#restaurants\">Restaurants<\/a><\/li><li id=\"menu-item-6639\" class=\"menu-item menu-item-type-custom menu-item-object-custom menu-item-6639\"><a href=\"https:\/\/nitsculturals.cat\/nitsculturals\/el-poble\/#cases\">Cases Rurals<\/a><\/li><\/ul><\/nav><\/div><\/div><\/div><\/div><\/div><\/section><section class=\"l-section wpb_row height_medium\" id=\"poble\"><div class=\"l-section-h i-cf\"><div class=\"g-cols vc_row via_flex valign_middle type_default stacking_default\"><div class=\"vc_col-sm-12 wpb_column vc_column_container\"><div class=\"vc_column-inner\"><div class=\"wpb_wrapper\"><div class=\"w-iconbox iconpos_left style_default color_primary align_left no_text\"><div class=\"w-iconbox-icon\" style=\"font-size:2rem;\"><i class=\"fas fa-school\"><\/i><\/div><div class=\"w-iconbox-meta\"><h2 class=\"w-iconbox-title\">El Poble<\/h2><\/div><\/div><div class=\"w-separator size_small with_line width_default thick_1 style_solid color_border align_center\"><div class=\"w-separator-h\"><\/div><\/div><div class=\"g-cols wpb_row via_flex valign_middle type_default stacking_default\"><div class=\"vc_col-sm-8 wpb_column vc_column_container\"><div class=\"vc_column-inner\"><div class=\"wpb_wrapper\"><div class=\"wpb_text_column\"><div class=\"wpb_wrapper\"><p>El terme de Sant Pere Sallavinera amb 21,95 km2 s\u2019est\u00e9n pel vessant sud del tur\u00f3 de Boixadors. L\u2019element m\u00e9s caracter\u00edstic d\u2019aquest municipi \u00e9s el de Boixadors, documentat des de l\u2019any 1014. Situat a 848 m d\u2019altura, \u00e9s visible des de gaireb\u00e9 tota l\u2019Alta Anoia. De tot el complex, resta en bon estat l\u2019esgl\u00e9sia del segle XI i una esvelta torre.<\/p>\n<\/div><\/div><\/div><\/div><\/div><div class=\"vc_col-sm-4 wpb_column vc_column_container\"><div class=\"vc_column-inner\"><div class=\"wpb_wrapper\"><div class=\"w-image style_shadow-2 align_center\"><a ref=\"magnificPopup\" href=\"https:\/\/nitsculturals.cat\/nitsculturals\/wp-content\/uploads\/2019\/05\/NUCLI-DE-SANT-PERE.jpg\" aria-label=\"NUCLI DE SANT PERE\" class=\"w-image-h\"><div class=\"w-image-shadow\" style=\"background-image:url(https:\/\/nitsculturals.cat\/nitsculturals\/wp-content\/uploads\/2019\/05\/NUCLI-DE-SANT-PERE-1024x523.jpg);\"><\/div><img decoding=\"async\" width=\"1024\" height=\"523\" src=\"https:\/\/nitsculturals.cat\/nitsculturals\/wp-content\/uploads\/2019\/05\/NUCLI-DE-SANT-PERE-1024x523.jpg\" class=\"attachment-large size-large\" alt=\"\" loading=\"lazy\" srcset=\"https:\/\/nitsculturals.cat\/nitsculturals\/wp-content\/uploads\/2019\/05\/NUCLI-DE-SANT-PERE-1024x523.jpg 1024w, https:\/\/nitsculturals.cat\/nitsculturals\/wp-content\/uploads\/2019\/05\/NUCLI-DE-SANT-PERE-300x153.jpg 300w, https:\/\/nitsculturals.cat\/nitsculturals\/wp-content\/uploads\/2019\/05\/NUCLI-DE-SANT-PERE-600x306.jpg 600w, https:\/\/nitsculturals.cat\/nitsculturals\/wp-content\/uploads\/2019\/05\/NUCLI-DE-SANT-PERE-768x392.jpg 768w, https:\/\/nitsculturals.cat\/nitsculturals\/wp-content\/uploads\/2019\/05\/NUCLI-DE-SANT-PERE.jpg 1599w\" sizes=\"auto, (max-width: 1024px) 100vw, 1024px\" \/><\/a><\/div><\/div><\/div><\/div><\/div><div class=\"g-cols wpb_row via_flex valign_middle type_default stacking_default\"><div class=\"vc_col-sm-4 wpb_column vc_column_container\"><div class=\"vc_column-inner\"><div class=\"wpb_wrapper\"><div class=\"w-image style_shadow-2 align_center\"><a ref=\"magnificPopup\" href=\"https:\/\/nitsculturals.cat\/nitsculturals\/wp-content\/uploads\/2019\/05\/26-PLA\u00c7A-MAJOR-S.-PERE.jpg\" aria-label=\"26- PLA\u00c7A MAJOR - S. PERE\" class=\"w-image-h\"><div class=\"w-image-shadow\" style=\"background-image:url(https:\/\/nitsculturals.cat\/nitsculturals\/wp-content\/uploads\/2019\/05\/26-PLA\u00c7A-MAJOR-S.-PERE-1024x664.jpg);\"><\/div><img decoding=\"async\" width=\"1024\" height=\"664\" src=\"https:\/\/nitsculturals.cat\/nitsculturals\/wp-content\/uploads\/2019\/05\/26-PLA\u00c7A-MAJOR-S.-PERE-1024x664.jpg\" class=\"attachment-large size-large\" alt=\"\" loading=\"lazy\" srcset=\"https:\/\/nitsculturals.cat\/nitsculturals\/wp-content\/uploads\/2019\/05\/26-PLA\u00c7A-MAJOR-S.-PERE-1024x664.jpg 1024w, https:\/\/nitsculturals.cat\/nitsculturals\/wp-content\/uploads\/2019\/05\/26-PLA\u00c7A-MAJOR-S.-PERE-300x195.jpg 300w, https:\/\/nitsculturals.cat\/nitsculturals\/wp-content\/uploads\/2019\/05\/26-PLA\u00c7A-MAJOR-S.-PERE-600x389.jpg 600w, https:\/\/nitsculturals.cat\/nitsculturals\/wp-content\/uploads\/2019\/05\/26-PLA\u00c7A-MAJOR-S.-PERE-768x498.jpg 768w, https:\/\/nitsculturals.cat\/nitsculturals\/wp-content\/uploads\/2019\/05\/26-PLA\u00c7A-MAJOR-S.-PERE.jpg 2048w\" sizes=\"auto, (max-width: 1024px) 100vw, 1024px\" \/><\/a><\/div><\/div><\/div><\/div><div class=\"vc_col-sm-8 wpb_column vc_column_container\"><div class=\"vc_column-inner\"><div class=\"wpb_wrapper\"><div class=\"wpb_text_column\"><div class=\"wpb_wrapper\"><p>Com gaireb\u00e9 tots aquests municipis, la poblaci\u00f3, 167 habitants, viu repartida en diversos nuclis rurals com ara Sant Pere Sallavinera, la Llavinera, la Fortesa, Boixadors i la Querosa, i en cases de pag\u00e8s a\u00efllades. El terme municipal \u00e9s poc uniforme, amb grans contrastos paisatg\u00edstics. \u00c9s l\u2019\u00fanica poblaci\u00f3 de la zona que t\u00e9 una important massa forestal.<\/p>\n<p>Les principals activitats econ\u00f2miques s\u00f3n l\u2019agricultura i la ramaderia.<\/p>\n<\/div><\/div><\/div><\/div><\/div><\/div><\/div><\/div><\/div><\/div><\/div><\/section><section class=\"l-section wpb_row height_medium\" id=\"rutes\"><div class=\"l-section-h i-cf\"><div class=\"g-cols vc_row via_flex valign_middle type_default stacking_default\"><div class=\"vc_col-sm-12 wpb_column vc_column_container\"><div class=\"vc_column-inner\"><div class=\"wpb_wrapper\"><div class=\"w-iconbox iconpos_left style_default color_primary align_left no_text\"><div class=\"w-iconbox-icon\" style=\"font-size:2rem;\"><i class=\"fas fa-hiking\"><\/i><\/div><div class=\"w-iconbox-meta\"><h2 class=\"w-iconbox-title\">Rutes (Wikiloc)<\/h2><\/div><\/div><div class=\"w-separator size_small with_line width_default thick_1 style_solid color_border align_center\"><div class=\"w-separator-h\"><\/div><\/div><\/div><\/div><\/div><div class=\"vc_col-sm-8 wpb_column vc_column_container\"><div class=\"vc_column-inner\"><div class=\"wpb_wrapper\"><div class=\"wpb_text_column\"><div class=\"wpb_wrapper\"><p>Pujada al Castell de Boixadors, al hivern en un dia de gebrada i boira matinera, amb el plaer de caminar per petits serrals coberts de boscos. I en arribar al Coll, un vent fred ens gela el somriure. La boira no ens deixa gaudir de la llunyania. Per\u00f2 quan se\u2019n va podem gaudir de la bellesa de la comarca de l\u2019Anoia. El Castell de Boixadors es troba a l\u2019extrem occidental de la serra de Castelltallat. El Castell hi destaca una gran torre rodona del segle XI i esgl\u00e9sia rom\u00e0nica. La Fortesa havia estat un nucli fortificat, conserva amb gran harmonia elements arquitect\u00f2nics dels segles XVII al XIX, amb portals adovellats, arcades de mig punt i passatges coberts. La Llavinera, avui un poble sobre un tur\u00f3, fou en el seu origen un castell. Conserva la ermita de sant Jordi.<\/p>\n<\/div><\/div><div class=\"w-btn-wrapper align_none\"><a class=\"w-btn us-btn-style_4 icon_atleft\" title=\"Wikiloc\" target=\" _blank\" rel=\"nofollow\" href=\"https:\/\/es.wikiloc.com\/rutas-senderismo\/castell-de-boixadors-la-fortesa-llavinera-22177012\"><i class=\"fas fa-globe-europe\"><\/i><span class=\"w-btn-label\">Enlla\u00e7 a Wikiloc<\/span><\/a><\/div><\/div><\/div><\/div><div class=\"vc_col-sm-4 wpb_column vc_column_container\"><div class=\"vc_column-inner\"><div class=\"wpb_wrapper\"><div class=\"w-image style_shadow-2 align_center\"><a ref=\"magnificPopup\" href=\"https:\/\/nitsculturals.cat\/nitsculturals\/wp-content\/uploads\/2019\/05\/castell-de-boixadors-1.jpg\" aria-label=\"castell-de-boixadors (1)\" class=\"w-image-h\"><div class=\"w-image-shadow\" style=\"background-image:url(https:\/\/nitsculturals.cat\/nitsculturals\/wp-content\/uploads\/2019\/05\/castell-de-boixadors-1.jpg);\"><\/div><img decoding=\"async\" width=\"500\" height=\"363\" src=\"https:\/\/nitsculturals.cat\/nitsculturals\/wp-content\/uploads\/2019\/05\/castell-de-boixadors-1.jpg\" class=\"attachment-large size-large\" alt=\"\" loading=\"lazy\" srcset=\"https:\/\/nitsculturals.cat\/nitsculturals\/wp-content\/uploads\/2019\/05\/castell-de-boixadors-1.jpg 500w, https:\/\/nitsculturals.cat\/nitsculturals\/wp-content\/uploads\/2019\/05\/castell-de-boixadors-1-300x218.jpg 300w\" sizes=\"auto, (max-width: 500px) 100vw, 500px\" \/><\/a><\/div><\/div><\/div><\/div><\/div><\/div><\/section><section class=\"l-section wpb_row height_medium\" id=\"restaurants\"><div class=\"l-section-h i-cf\"><div class=\"g-cols vc_row via_flex valign_middle type_default stacking_default\"><div class=\"vc_col-sm-12 wpb_column vc_column_container\"><div class=\"vc_column-inner\"><div class=\"wpb_wrapper\"><div class=\"w-iconbox iconpos_left style_default color_primary align_left no_text\"><div class=\"w-iconbox-icon\" style=\"font-size:2rem;\"><i class=\"fas fa-utensils\"><\/i><\/div><div class=\"w-iconbox-meta\"><h2 class=\"w-iconbox-title\">Restaurants de la zona<\/h2><\/div><\/div><div class=\"w-separator size_small with_line width_default thick_1 style_solid color_border align_center\"><div class=\"w-separator-h\"><\/div><\/div><\/div><\/div><\/div><div class=\"vc_col-sm-4 wpb_column vc_column_container\"><div class=\"vc_column-inner\"><div class=\"wpb_wrapper\"><div class=\"wpb_text_column\"><div class=\"wpb_wrapper\"><ul>\n<li><a href=\"https:\/\/ca-es.facebook.com\/pages\/category\/Restaurant\/Restaurant-la-pala-595618727139493\/\" target=\"_blank\" rel=\"noopener noreferrer\" data-saferedirecturl=\"https:\/\/www.google.com\/url?q=https:\/\/ca-es.facebook.com\/pages\/category\/Restaurant\/Restaurant-la-pala-595618727139493\/&amp;source=gmail&amp;ust=1557819267407000&amp;usg=AFQjCNGZSHFqYXQLo4nn1ij9Tws0XoAYEA\">La Pala<\/a><\/li>\n<li><a href=\"https:\/\/www.kedivi.cat\/\" target=\"_blank\" rel=\"noopener noreferrer\" data-saferedirecturl=\"https:\/\/www.google.com\/url?q=https:\/\/www.kedivi.cat\/&amp;source=gmail&amp;ust=1557819267407000&amp;usg=AFQjCNFWNDufYsMqd5xYaLcdUzg32Kdjow\">Ke Div\u00ed<\/a><\/li>\n<li><a href=\"https:\/\/ca-es.facebook.com\/pages\/category\/Pizza-Place\/Restaurante-pizzeria-la-coppe-239190056432676\/\" target=\"_blank\" rel=\"noopener noreferrer\" data-saferedirecturl=\"https:\/\/www.google.com\/url?q=https:\/\/ca-es.facebook.com\/pages\/category\/Pizza-Place\/Restaurante-pizzeria-la-coppe-239190056432676\/&amp;source=gmail&amp;ust=1557819267407000&amp;usg=AFQjCNFUOUOGNNWHZwTzNVaDKnsZRNHGxA\">La Coppe<\/a><\/li>\n<li><a href=\"http:\/\/www.lacuinadelmercat.net\/\" target=\"_blank\" rel=\"noopener noreferrer\" data-saferedirecturl=\"https:\/\/www.google.com\/url?q=http:\/\/www.lacuinadelmercat.net\/&amp;source=gmail&amp;ust=1557819267407000&amp;usg=AFQjCNH2SQm9XeMXdpNxeelT5t9K8I59xA\">La Cuina del Mercat<\/a><\/li>\n<li><a href=\"https:\/\/www.facebook.com\/paradordecalaf\/\" target=\"_blank\" rel=\"noopener noreferrer\" data-saferedirecturl=\"https:\/\/www.google.com\/url?q=https:\/\/www.facebook.com\/paradordecalaf\/&amp;source=gmail&amp;ust=1557819267407000&amp;usg=AFQjCNGASrwPje2ilL5Y7q8racSAuUVD1g\">Parador<\/a><\/li>\n<li><a href=\"https:\/\/www.google.com\/maps\/place\/Buffet+Catal%C3%A0\/@41.7286727,1.5134241,15z\/data=!4m5!3m4!1s0x0:0xe3b8bd73e2699bc7!8m2!3d41.7286727!4d1.5134241\" target=\"_blank\" rel=\"noopener noreferrer\" data-saferedirecturl=\"https:\/\/www.google.com\/url?q=https:\/\/www.google.com\/maps\/place\/Buffet%2BCatal%25C3%25A0\/@41.7286727,1.5134241,15z\/data%3D!4m5!3m4!1s0x0:0xe3b8bd73e2699bc7!8m2!3d41.7286727!4d1.5134241&amp;source=gmail&amp;ust=1557819267407000&amp;usg=AFQjCNE-I2PTQq3pGUD7zVhzxNe-77uIng\">El Buffet Catal\u00e0<\/a><\/li>\n<li><a href=\"https:\/\/www.elreguer.com\/\" target=\"_blank\" rel=\"noopener noreferrer\" data-saferedirecturl=\"https:\/\/www.google.com\/url?q=https:\/\/www.elreguer.com\/&amp;source=gmail&amp;ust=1557819267407000&amp;usg=AFQjCNG8aQgp2csQE2BnspodYDpfp6Hpcg\">El Reguer<\/a><\/li>\n<li><a href=\"http:\/\/www.calmiliu.com\/\" target=\"_blank\" rel=\"noopener noreferrer\" data-saferedirecturl=\"https:\/\/www.google.com\/url?q=http:\/\/www.calmiliu.com\/&amp;source=gmail&amp;ust=1557819267407000&amp;usg=AFQjCNGKJVT5lpRr7M7N1-B5g8AGHeclmw\">Cal Miliu<\/a><\/li>\n<li><a href=\"http:\/\/www.molideboixeda.com\/\" target=\"_blank\" rel=\"noopener noreferrer\" data-saferedirecturl=\"https:\/\/www.google.com\/url?q=http:\/\/www.molideboixeda.com\/&amp;source=gmail&amp;ust=1557819267407000&amp;usg=AFQjCNFijfrXZeid86QLl6WapllcxHNxnQ\">Mol\u00ed de Boixeda<\/a><\/li>\n<\/ul>\n<\/div><\/div><\/div><\/div><\/div><div class=\"vc_col-sm-8 wpb_column vc_column_container\"><div class=\"vc_column-inner\"><div class=\"wpb_wrapper\"><div class=\"w-map provider_google\" id=\"us_map_1\"><div class=\"w-map-inner\"><div class=\"w-map-json\" onclick='return {&quot;address&quot;:&quot;41.73637, 1.571073&quot;,&quot;disableDragging&quot;:0,&quot;disableZoom&quot;:0,&quot;hideControls&quot;:0,&quot;zoom&quot;:12,&quot;markers&quot;:[{&quot;address&quot;:&quot;41.73637, 1.571073&quot;,&quot;html&quot;:&quot;Sant Pere Sallavinera&quot;,&quot;infowindow&quot;:0},{&quot;address&quot;:&quot;41.73637, 1.571073&quot;,&quot;html&quot;:&quot;La Pala&quot;,&quot;marker_img&quot;:null,&quot;marker_size&quot;:[&quot;30&quot;,&quot;30&quot;]},{&quot;address&quot;:&quot;41.7315756, 1.5133432&quot;,&quot;html&quot;:&quot;Ke Div\\u00ed&quot;,&quot;marker_img&quot;:null,&quot;marker_size&quot;:[&quot;30&quot;,&quot;30&quot;]},{&quot;address&quot;:&quot;41.7325832, 1.5122566&quot;,&quot;html&quot;:&quot;La Coppe&quot;,&quot;marker_img&quot;:null,&quot;marker_size&quot;:[&quot;30&quot;,&quot;30&quot;]},{&quot;address&quot;:&quot;41.7328409, 1.5118406&quot;,&quot;html&quot;:&quot;La Cuina del Mercat&quot;,&quot;marker_img&quot;:null,&quot;marker_size&quot;:[&quot;30&quot;,&quot;30&quot;]},{&quot;address&quot;:&quot;41.7287417, 1.5112746&quot;,&quot;html&quot;:&quot;Parador&quot;,&quot;marker_img&quot;:null,&quot;marker_size&quot;:[&quot;30&quot;,&quot;30&quot;]},{&quot;address&quot;:&quot;41.7286727, 1.5134241&quot;,&quot;html&quot;:&quot;El Buffet Catal\\u00e0&quot;,&quot;marker_img&quot;:null,&quot;marker_size&quot;:[&quot;30&quot;,&quot;30&quot;]},{&quot;address&quot;:&quot;41.7019071, 1.5734045&quot;,&quot;html&quot;:&quot;El Reguer&quot;,&quot;marker_img&quot;:null,&quot;marker_size&quot;:[&quot;30&quot;,&quot;30&quot;]},{&quot;address&quot;:&quot;41.7322259, 1.6974054&quot;,&quot;html&quot;:&quot;Cal Miliu&quot;,&quot;marker_img&quot;:null,&quot;marker_size&quot;:[&quot;30&quot;,&quot;30&quot;]},{&quot;address&quot;:&quot;41.763272, 1.7272561&quot;,&quot;html&quot;:&quot;Mol\\u00ed de Boixeda&quot;,&quot;marker_img&quot;:null,&quot;marker_size&quot;:[&quot;30&quot;,&quot;30&quot;]}],&quot;maptype&quot;:&quot;ROADMAP&quot;}'><\/div><\/div><\/div><\/div><\/div><\/div><\/div><\/div><\/section><section class=\"l-section wpb_row height_medium\" id=\"cases\"><div class=\"l-section-h i-cf\"><div class=\"g-cols vc_row via_flex valign_middle type_default stacking_default\"><div class=\"vc_col-sm-12 wpb_column vc_column_container\"><div class=\"vc_column-inner\"><div class=\"wpb_wrapper\"><div class=\"w-iconbox iconpos_left style_default color_primary align_left no_text\"><div class=\"w-iconbox-icon\" style=\"font-size:2rem;\"><i class=\"fas fa-home-lg-alt\"><\/i><\/div><div class=\"w-iconbox-meta\"><h2 class=\"w-iconbox-title\">Cases Rurals<\/h2><\/div><\/div><div class=\"w-separator size_small with_line width_default thick_1 style_solid color_border align_center\"><div class=\"w-separator-h\"><\/div><\/div><\/div><\/div><\/div><div class=\"vc_col-sm-4 wpb_column vc_column_container\"><div class=\"vc_column-inner\"><div class=\"wpb_wrapper\"><div class=\"wpb_text_column\"><div class=\"wpb_wrapper\"><ul>\n<li><a href=\"http:\/\/www.calgraudelallavinera.com\/\" target=\"_blank\" rel=\"noopener noreferrer\" data-saferedirecturl=\"https:\/\/www.google.com\/url?q=http:\/\/www.calgraudelallavinera.com\/&amp;source=gmail&amp;ust=1557994207146000&amp;usg=AFQjCNGek5cnQLRGNXiG_Xrfffp_9RdSdA\">Cal Grau de la Llavinera<\/a><\/li>\n<li><a href=\"http:\/\/www.masdelbou.com\/\" target=\"_blank\" rel=\"noopener noreferrer\" data-saferedirecturl=\"https:\/\/www.google.com\/url?q=http:\/\/www.masdelbou.com\/&amp;source=gmail&amp;ust=1557994207146000&amp;usg=AFQjCNE1ny4zskSBomQjMYgDnx6AVaw8Hg\">Mas del Bou<\/a><\/li>\n<\/ul>\n<\/div><\/div><\/div><\/div><\/div><div class=\"vc_col-sm-8 wpb_column vc_column_container\"><div class=\"vc_column-inner\"><div class=\"wpb_wrapper\"><div class=\"w-map provider_google\" id=\"us_map_2\"><div class=\"w-map-inner\"><div class=\"w-map-json\" onclick='return {&quot;address&quot;:&quot;41.73637, 1.571073&quot;,&quot;disableDragging&quot;:0,&quot;disableZoom&quot;:0,&quot;hideControls&quot;:0,&quot;zoom&quot;:12,&quot;markers&quot;:[{&quot;address&quot;:&quot;41.73637, 1.571073&quot;,&quot;html&quot;:&quot;Sant Pere Sallavinera&quot;,&quot;infowindow&quot;:0},{&quot;address&quot;:&quot;41.735806, 1.555411&quot;,&quot;html&quot;:&quot;Cal Grau de la Llavinera&quot;,&quot;marker_img&quot;:null,&quot;marker_size&quot;:[&quot;30&quot;,&quot;30&quot;]},{&quot;address&quot;:&quot;41.7296087, 1.546741&quot;,&quot;html&quot;:&quot;Mas del Bou&quot;,&quot;marker_img&quot;:null,&quot;marker_size&quot;:[&quot;30&quot;,&quot;30&quot;]}],&quot;maptype&quot;:&quot;ROADMAP&quot;}'><\/div><\/div><\/div><\/div><\/div><\/div><\/div><\/div><\/section>\n","protected":false},"excerpt":{"rendered":"[vc_custom_heading text=\"Sant Pere Sallavinera\" font_container=\"tag:h2|text_align:center\"]El PobleRutes (Wikiloc)RestaurantsCases RuralsEl PobleEl terme de Sant Pere Sallavinera amb 21,95 km2 s\u2019est\u00e9n pel vessant sud del tur\u00f3 de Boixadors. L\u2019element m\u00e9s caracter\u00edstic d\u2019aquest municipi \u00e9s el de Boixadors, documentat des de l\u2019any 1014. Situat a 848 m d\u2019altura, \u00e9s visible des de gaireb\u00e9 tota l\u2019Alta Anoia. De tot el...","protected":false},"author":2,"featured_media":0,"parent":0,"menu_order":0,"comment_status":"closed","ping_status":"closed","template":"","meta":{"footnotes":""},"class_list":["post-6611","page","type-page","status-publish","hentry"],"_links":{"self":[{"href":"https:\/\/nitsculturals.cat\/nitsculturals\/wp-json\/wp\/v2\/pages\/6611","targetHints":{"allow":["GET"]}}],"collection":[{"href":"https:\/\/nitsculturals.cat\/nitsculturals\/wp-json\/wp\/v2\/pages"}],"about":[{"href":"https:\/\/nitsculturals.cat\/nitsculturals\/wp-json\/wp\/v2\/types\/page"}],"author":[{"embeddable":true,"href":"https:\/\/nitsculturals.cat\/nitsculturals\/wp-json\/wp\/v2\/users\/2"}],"replies":[{"embeddable":true,"href":"https:\/\/nitsculturals.cat\/nitsculturals\/wp-json\/wp\/v2\/comments?post=6611"}],"version-history":[{"count":31,"href":"https:\/\/nitsculturals.cat\/nitsculturals\/wp-json\/wp\/v2\/pages\/6611\/revisions"}],"predecessor-version":[{"id":6870,"href":"https:\/\/nitsculturals.cat\/nitsculturals\/wp-json\/wp\/v2\/pages\/6611\/revisions\/6870"}],"wp:attachment":[{"href":"https:\/\/nitsculturals.cat\/nitsculturals\/wp-json\/wp\/v2\/media?parent=6611"}],"curies":[{"name":"wp","href":"https:\/\/api.w.org\/{rel}","templated":true}]}}